 -k**3 + 19*k**2 + 29*k - 74. What is the hundreds digit of j(18)?
7
Let t = 4 + 1. Suppose 2*m = -m - 12, t*m + 21 = -k. Let g = 37 - k. What is the units digit of g?
8
What is the tens digit of (-78648)/(-113) + 0 + -4?
9
Let d be 4 + 10/(-2) - (-14 - -1). Suppose 0 = 2*b - 3*b + 9. Let v = b + d. What is the units digit of v?
1
Suppose -2*k = -889 - 217. What is the units digit of k?
3
Suppose 0 = 3*b + 4*i - 3*i + 7, -16 = 4*b + 3*i. Let k = b - -26. Suppose -p - n = 2*n - k, 75 = 3*p + 4*n. What is the tens digit of p?
2
Suppose 0 = -87*w + 92*w - 75. Suppose -w*j + 896 = -8*j. What is the hundreds digit of j?
1
Let u(g) = 25*g - 3 - 62*g - 41*g. What is the units digit of u(-3)?
1
Let a(x) = -103*x - 4. Suppose -15*p + 18*p = -3. What is the tens digit of a(p)?
9
Let c(d) = -2*d**3 + 3*d**2 + 4*d + 3. Let o be 8/(-6) + (-2)/3. Let x be c(o). Let r = x - 9. What is the tens digit of r?
1
Suppose 0*c = -4*c + 4. Suppose 29 = n - c. Suppose 3*v - v = n. What is the units digit of v?
5
Suppose -18*u - 8 - 10 = 0. What is the tens digit of (1 - u)/(12/384)?
6
Suppose -9*s + 10 = -4*s. Suppose 5*m + s*z - 308 = 0, -3*m + 123 = 5*z - 77. What is the tens digit of m?
6
Let m(b) = -3*b - 9. Let y be m(5). Let s = 9 + y. Let t = -6 - s. What is the units digit of t?
9
Let s(r) = -r**3 - 9*r**2 - 8*r + 7. Let z be s(-8). Suppose -2*v - 2*v - 4*j = 0, -4*v + 3*j = -z. What is the units digit of ((-8)/(-6) + v)*18?
2
Let b(r) = r**3 - 4*r**2 + 3*r - 2. Let n be b(4). Let p = n - 10. Suppose 0*j - 3*j = 4*y + 5, 3*j + 5*y + 10 = p. What is the units digit of j?
5
Let u(a) = 7*a + 23. Let w be u(-3). What is the tens digit of -1*(53 + w)*-1?
5
What is the units digit of -6 + 253 - (2 + (2 - 1))?
4
What is the hundreds digit of ((-6)/(-21))/(32/222880)?
9
What is the hundreds digit of (6 - -3329)*(5 - 69/15)?
3
Suppose 5*f = -r - 15, -3*f - 7 = -3*r + 4*r. Suppose 176 + 99 = r*s. What is the units digit of s?
5
Suppose -4*q + 52 = h - 1715, q = -2*h + 3548. What is the tens digit of h?
7
What is the units digit of 447/(2/(-8) + 7/4)?
8
Let z be 32/(-48) + 2 + 26/(-6). Let d(m) be the second derivative of m**4/12 + m**3/3 - m**2/2 - m. What is the units digit of d(z)?
2
Let y = -20 - -394. Suppose a - 179 - y = -3*k, 3*k - 541 = 2*a. Suppose d = 3*c - 2*d - k, -122 = -2*c + d. What is the tens digit of c?
6
Suppose -2*o = -3*o + 4. Suppose 4*g + 248 = 5*b - 101, g - 137 = -2*b. Suppose 2*n = s + o*n - 23, -3*s + b = 5*n. What is the tens digit of s?
2
Let r(o) = o**3 + 8*o**2 + 5*o - 8. Let d be r(-4). Suppose d = 6*c - 6. Let q(n) = n**2 - 5*n - 4. What is the tens digit of q(c)?
1
Suppose -2*k = 4*k - 54. Suppose c - k*c + 624 = 0. What is the tens digit of c?
7
Let f = -493 - -818. What is the hundreds digit of f?
3
Suppose -4*m - 9300 = 10*a - 14*a, 5*a + 5*m = 11585. What is the thousands digit of a?
2
Suppose -8*k + 228 = 44. What is the units digit of k?
3
Let o(q) = -6*q - 9. Let w = 60 + -34. Let a = 15 - w. What is the units digit of o(a)?
7
Let w = -25 + -11. Let a = w + 21. Let x = 1 - a. What is the units digit of x?
6
Let n = 1 - -114. What is the tens digit of n?
1
Let q(y) = -2*y**2 + 30. Let k be q(-6). Let b = 86 + k. What is the units digit of b?
4
Suppose 0 = 4*f - 4*w, 2*w = -2*f - 3*w + 28. Let p be (-49)/f - (-7)/28. Let k = p + 13. What is the units digit of k?
1
What is the tens digit of 3820/45*(-90)/(-20)?
8
Let v(a) = -472*a + 269. What is the units digit of v(-10)?
9
Let u(x) = -x**3 - x**2 + 2*x. Let p be u(1). Suppose 5*q + p*i = 4*i + 825, -4*i = 0. What is the tens digit of q?
6
Let h(s) = 59*s - 8. What is the hundreds digit of h(13)?
7
Suppose 3*d - 5*w - 1922 = 0, 3255 = -48*d + 53*d + 2*w. What is the hundreds digit of d?
6
Let k be (-9)/(-2)*(-198)/(-27). What is the hundreds digit of (-20)/2*k/(-2)?
1
Let s = 10 - 5. Suppose s*f = 21 - 1. Suppose -h - 39 = -f*h. What is the units digit of h?
3
Let m = 33 - 1. Suppose 0 = -p - 3*p + m. What is the units digit of p?
8
Let k(m) = 12*m - 86. Let z be k(7). Let l = 37 - 58. Let n = z - l. What is the tens digit of n?
1
Suppose 2*c = -2*h - 16, -2*c + 5*h = -0*c - 5. Let a be c*(7 + -2 - 2). Let p = a - -43. What is the units digit of p?
8
Suppose -5*g + 4*b + 72 = -168, 3*g = 3*b + 147. Suppose 4*k - 8*k + g = 2*u, -5*u - 4*k + 122 = 0. What is the tens digit of u?
2
Suppose 5*l = -g + 9659, -5*l + 1915 = 7*g - 7768. What is the tens digit of l?
3
Suppose v = -t + 184, -2*v + t = 118 - 477. Suppose 2*f + 4*l = 118, 3*f + 3*l - l - v = 0. What is the tens digit of f?
6
Let v = 3549 + -1077. What is the thousands digit of v?
2
Let g = -17 + 19. Suppose -g*x - m + 15 = 2*m, m = -5*x + 70. What is the tens digit of x?
1
Let y(u) = u**3 - u**2 - u + 5. Let x be y(0). Suppose 4*o - 2*k = 308, -x*k + 16 = 4*o - 264. What is the units digit of o?
5
Let v = 38 - 11. Let t = 43 - v. What is the units digit of t?
6
Suppose -t = -0*t - 40. Suppose -4*d + t + 40 = 0. Suppose -m = -2*m + d. What is the units digit of m?
0
Suppose 6*t - 5*t - 466 = 0. Suppose 3*c + f - 360 = 0, 0 = -4*c - 4*f + 14 + t. What is the units digit of c?
0
Suppose -8*v = -832 - 184. What is the tens digit of v?
2
Suppose -23*r + 83697 = -0*r. What is the thousands digit of r?
3
Let l = -82 - -170. Let i = 87 + l. What is the tens digit of i?
7
Let h(d) = -8*d + 63. Let x be h(5). Suppose 2*f = i - 22, 0*i + 5*i - 138 = 3*f. Suppose 2*n = -5*r + i, -x = -2*r - 2*n - n. What is the units digit of r?
4
Let m(a) = -107*a + 19. What is the hundreds digit of m(-4)?
4
What is the tens digit of 1 - (-4496)/(4 + 4)?
6
Suppose 2*p + 2875 = -3*y, 1920 = y - 3*y - 2*p. What is the tens digit of (1 + y/15)/((-4)/6)?
9
Let s = -1228 + 5462. What is the hundreds digit of s?
2
Suppose -391 = -3*a + 116. Suppose -s = 2*u - 123, 0 = -0*u - 3*u + 2*s + 195. Suppose -4*n = -5*w + u + 97, 0 = -4*w - 5*n + a. What is the units digit of w?
6
Let n(a) = -a**2 - 15*a + 1. Let g be n(-15). Let y = 43 - g. What is the units digit of y?
2
What is the thousands digit of (8 - (8 - 2577)) + 9?
2
Let i(l) = -2*l**2 + 9*l - 8. Let j(n) = -5*n**2 + 26*n - 23. Let f(u) = -8*i(u) + 3*j(u). Let v be f(-5). What is the tens digit of (-4 - v/3)*-96?
6
Suppose -6 = -3*h + 2*d + 7, -3*h - 4*d + 37 = 0. Suppose 2*l = -5*y + h*l + 1140, l - 922 = -4*y. Suppose o - 6*o = -y. What is the tens digit of o?
4
Let c(w) = -w + 1. Let p be c(5). Let x(r) = 2*r**2 - 2*r + 5. Let o be x(p). Suppose -6*n + 9*n = o. What is the tens digit of n?
1
Suppose 5*k = -2*w - 2*w - 1729, -5*w + 369 = -k. Let n = k - -599. What is the hundreds digit of n?
2
Suppose 0 = -4*s + 20, -5*r + 1179 = 5*s - 471. What is the units digit of r?
5
Let s be (1/2)/((-6)/(-48)). Let v = 98 - 61. Suppose -11 = -s*d + v. What is the tens digit of d?
1
Let n be (-22)/(-33) + 1/3. Let r be 2/(-4)*n*14. What is the units digit of 3/((21/(-10))/r)?
0
Let l = -27 + 313. What is the hundreds digit of l?
2
Let c = -6 - -8. Let y = c + 0. Suppose -77 = -4*d - 5*a + 24, -y*a - 85 = -5*d. What is the units digit of d?
9
Suppose 3*o - 1 = -2*w + 5, -2*w = o - 2. Let z(l) = -5*l - 1 + 2*l + o*l + l**2. What is the units digit of z(5)?
9
What is the hundreds digit of 957/(53/(-265)*15/(-2))?
6
Suppose 4*k + 0 - 24 = 0. Let s(c) = -c**2 + 11*c + 6. What is the tens digit of s(k)?
3
Let c = 2230 - 1292. What is the units digit of c?
8
Let o(s) = s**2 - 3*s - 6. What is the tens digit of o(18)?
6
Suppose 5*z + 3*n = -3, 3 = 4*z - 5*n - 2. Let k = 4 + z. Let s(g) = 2*g**2 + 2*g - 5. What is the units digit of s(k)?
5
Suppose 2*h - 2 = 0, 9*b - 4351 = -8*h + 4*h. What is the tens digit of b?
8
Let r = 249 + -230. What is the units digit of r?
9
Let g = -114 + 193. Let k = 202 - g. What is the hundreds digit of k?
1
Let d(s) = s**2 + 5*s + 7. Let r be d(-3). Let y be (-20)/((-4)/r) - 3. Suppose -4*j + 2*g + 130 = 0, 3*j - 3*g + y*g - 99 = 0. What is the units digit of j?
4
Let c(o) = o**3 - 7*o**2 + 5*o + 6. Let z be c(6). Suppose x + 5 = 0, p + x - 97 = -z*x. What is the hundreds digit of p?
1
Suppose 0 = 2*p + 2*u - 2946, -4*u - 4391 = -3*p - 0*u. What is the thousands digit of p?
1
Let w(r) = r**2 - 7*r + 5. Let f be w(6). Let s = 2 - f. Suppose -2*h + 36 = s*u + 10, 0 = -2*h - 5*u + 34. What is the